{"id":1495,"date":"2021-06-14T11:38:00","date_gmt":"2021-06-14T09:38:00","guid":{"rendered":"https:\/\/www.cech-zlotow.info\/www_new\/?page_id=1495"},"modified":"2026-03-19T11:33:43","modified_gmt":"2026-03-19T10:33:43","slug":"murarz-tynkarz","status":"publish","type":"page","link":"https:\/\/www.cech-zlotow.info\/www_new\/murarz-tynkarz\/","title":{"rendered":"Murarz-tynkarz"},"content":{"rendered":"\t\t<div data-elementor-type=\"wp-page\" data-elementor-id=\"1495\" class=\"elementor elementor-1495\" data-elementor-settings=\"[]\">\n\t\t\t\t\t\t\t<div class=\"elementor-section-wrap\">\n\t\t\t\t\t\t\t<section class=\"elementor-section elementor-top-section elementor-element elementor-element-2f5d6b17 elementor-section-boxed elementor-section-height-default elementor-section-height-default\" data-id=\"2f5d6b17\" data-element_type=\"section\">\n\t\t\t\t\t\t<div class=\"elementor-container elementor-column-gap-default\">\n\t\t\t\t\t<div class=\"elementor-column elementor-col-100 elementor-top-column elementor-element elementor-element-5d245bf7\" data-id=\"5d245bf7\" data-element_type=\"column\">\n\t\t\t<div class=\"elementor-widget-wrap elementor-element-populated\">\n\t\t\t\t\t\t\t\t<div class=\"elementor-element elementor-element-6f9a454 elementor-widget elementor-widget-heading\" data-id=\"6f9a454\" data-element_type=\"widget\" data-widget_type=\"heading.default\">\n\t\t\t\t<div class=\"elementor-widget-container\">\n\t\t\t<h5 class=\"elementor-heading-title elementor-size-default\">Pracodawcy szkol\u0105cy pracownik\u00f3w m\u0142odocianych w zawodzie:<\/h5>\t\t<\/div>\n\t\t\t\t<\/div>\n\t\t\t\t\t<\/div>\n\t\t<\/div>\n\t\t\t\t\t\t\t<\/div>\n\t\t<\/section>\n\t\t\t\t<section class=\"elementor-section elementor-top-section elementor-element elementor-element-49abb2d elementor-section-boxed elementor-section-height-default elementor-section-height-default\" data-id=\"49abb2d\" data-element_type=\"section\">\n\t\t\t\t\t\t<div class=\"elementor-container elementor-column-gap-default\">\n\t\t\t\t\t<div class=\"elementor-column elementor-col-100 elementor-top-column elementor-element elementor-element-d90612d\" data-id=\"d90612d\" data-element_type=\"column\">\n\t\t\t<div class=\"elementor-widget-wrap elementor-element-populated\">\n\t\t\t\t\t\t\t\t<div class=\"elementor-element elementor-element-b97a6f8 elementor-widget elementor-widget-Table\" data-id=\"b97a6f8\" data-element_type=\"widget\" data-widget_type=\"Table.default\">\n\t\t\t\t<div class=\"elementor-widget-container\">\n\t\t\t\t\t<table class=\"tafe-table\">\n\t\t\t<thead  class=\"tafe-table-header\">\n\t\t\t\t<tr>\n\t\t\t\t\t<th class=\"elementor-inline-editing elementor-repeater-item-3142b74\"   >MURARZ - TYNKARZ<\/th>\t\t\t\t<\/tr>\n\t\t\t<\/thead>\n\t\t\t<tbody class=\"tafe-table-body\">\n\t\t\t\t<tr>\n\t\t\t\t\t<\/tr><tr><td   class=\"elementor-repeater-item-dd6ba7f\" >Zak\u0142ad Remontowo \u2013 Budowlany\nMiros\u0142aw B\u0142o\u0144ski\nul. Sportowa 6,\n77-400 Z\u0142ot\u00f3w\ntel. 600 457 948 <\/td><\/tr><tr><td   class=\"elementor-repeater-item-4629228\" >Zak\u0142ad Remontowo \u2013 Budowlany \u201eREMBUD\u201d\nKazimierz Bruski\nLuchowo 88,\n89-310 \u0141ob\u017cenica\ntel. 607 357 744<\/td><\/tr><tr><td   class=\"elementor-repeater-item-466db5b\" >Zak\u0142ad Og\u00f3lnobudowlany\nLeszek J\u0119cze\u0144\nul. Zdobywc\u00f3w Wa\u0142u Pomorskiego 28,\n64-965 Okonek\ntel. 509 332 066<\/td><\/tr><tr><td   class=\"elementor-repeater-item-73e7bdc\" >Us\u0142ugi Og\u00f3lnobudowlane\nDawid Joachim\nul. Browarna 2,\n89-310 \u0141ob\u017cenica\ntel. 605 654 036<\/td><\/tr><tr><td   class=\"elementor-repeater-item-1d81e80\" >\"MASTER-BUD\"\nKowalski Zbigniew\nul. R\u00f3\u017cana 8\n77-430 Krajenka\ntel. 603 614 643<\/td><\/tr><tr><td   class=\"elementor-repeater-item-edda6cf\" >Zak\u0142ad Us\u0142ug Budowlanych\nKarol Paj\u0105k\nul. Chabrowa 22\n77-400 Dzierz\u0105\u017cenko\ntel. 504 171 741<\/td><\/tr><tr><td   class=\"elementor-repeater-item-6623474\" >Us\u0142ugi Og\u00f3lnobudowlane\nKarol Stefaniak\nul. Ogrodowa 5,\n89-310 \u0141ob\u017cenica\ntel. 784 419 223<\/td><\/tr><tr><td   class=\"elementor-repeater-item-2e49630\" >Us\u0142ugowy Zak\u0142ad Budowlany\nTadeusz Stofrowski\nul. J. Horsta 3,\n77-400 Z\u0142ot\u00f3w\ntel. 67 265 27 09<\/td><\/tr><tr><td   class=\"elementor-repeater-item-b34c01f\" >Us\u0142ugi Og\u00f3lnobudowlane\nRobert Szuleka\nul. Sosnowa 4\/8,\n77-400 Z\u0142ot\u00f3w\ntel. 608 663 149<\/td><\/tr><tr><td   class=\"elementor-repeater-item-6d9497b\" >SZYMBUD\nJakub Szymczyk\nScholastykowo 26,\n77-420 Lipka\ntel. 691 541 060<\/td><\/tr><tr><td   class=\"elementor-repeater-item-3d3004d\" >Us\u0142ugowy Zak\u0142ad Budowlany\nSk\u0142ad Materia\u0142\u00f3w Budowlanych\nJerzy \u017bak\nul. Za Dworcem 7,\n77-400 Z\u0142ot\u00f3w\ntel. 604 432 534<\/td>\t\t\t\t<\/tr>\n\t\t\t<\/tbody>\n\t\t<\/table>\n\t\t\n\t\t\t\t<\/div>\n\t\t\t\t<\/div>\n\t\t\t\t\t<\/div>\n\t\t<\/div>\n\t\t\t\t\t\t\t<\/div>\n\t\t<\/section>\n\t\t\t\t\t\t<\/div>\n\t\t\t\t\t<\/div>\n\t\t","protected":false},"excerpt":{"rendered":"<p>Pracodawcy szkol\u0105cy pracownik\u00f3w m\u0142odocianych w zawodzie: MURARZ &#8211; TYNKARZ Zak\u0142ad Remontowo \u2013 Budowlany Miros\u0142aw B\u0142o\u0144ski ul. Sportowa 6, 77-400 Z\u0142ot\u00f3w tel. 600 457 948 Zak\u0142ad Remontowo \u2013 Budowlany \u201eREMBUD\u201d Kazimierz Bruski Luchowo 88, 89-310 \u0141ob\u017cenica tel. 607 357 744 Zak\u0142ad Og\u00f3lnobudowlany Leszek J\u0119cze\u0144 ul. Zdobywc\u00f3w Wa\u0142u Pomorskiego 28, 64-965 Okonek [&hellip;]<\/p>\n","protected":false},"author":1,"featured_media":581,"parent":0,"menu_order":0,"comment_status":"closed","ping_status":"closed","template":"","meta":[],"_links":{"self":[{"href":"https:\/\/www.cech-zlotow.info\/www_new\/wp-json\/wp\/v2\/pages\/1495"}],"collection":[{"href":"https:\/\/www.cech-zlotow.info\/www_new\/wp-json\/wp\/v2\/pages"}],"about":[{"href":"https:\/\/www.cech-zlotow.info\/www_new\/wp-json\/wp\/v2\/types\/page"}],"author":[{"embeddable":true,"href":"https:\/\/www.cech-zlotow.info\/www_new\/wp-json\/wp\/v2\/users\/1"}],"replies":[{"embeddable":true,"href":"https:\/\/www.cech-zlotow.info\/www_new\/wp-json\/wp\/v2\/comments?post=1495"}],"version-history":[{"count":30,"href":"https:\/\/www.cech-zlotow.info\/www_new\/wp-json\/wp\/v2\/pages\/1495\/revisions"}],"predecessor-version":[{"id":3395,"href":"https:\/\/www.cech-zlotow.info\/www_new\/wp-json\/wp\/v2\/pages\/1495\/revisions\/3395"}],"wp:featuredmedia":[{"embeddable":true,"href":"https:\/\/www.cech-zlotow.info\/www_new\/wp-json\/wp\/v2\/media\/581"}],"wp:attachment":[{"href":"https:\/\/www.cech-zlotow.info\/www_new\/wp-json\/wp\/v2\/media?parent=1495"}],"curies":[{"name":"wp","href":"https:\/\/api.w.org\/{rel}","templated":true}]}}