{"id":252,"date":"2021-05-14T14:47:42","date_gmt":"2021-05-14T12:47:42","guid":{"rendered":"https:\/\/www.cech-zlotow.info\/www_new\/?page_id=252"},"modified":"2021-10-18T14:00:37","modified_gmt":"2021-10-18T12:00:37","slug":"karol-pufal-starszy-cechu","status":"publish","type":"page","link":"https:\/\/www.cech-zlotow.info\/www_new\/karol-pufal-starszy-cechu\/","title":{"rendered":"Karol Pufal &#8211; Starszy Cechu"},"content":{"rendered":"\t\t<div data-elementor-type=\"wp-page\" data-elementor-id=\"252\" class=\"elementor elementor-252\" data-elementor-settings=\"[]\">\n\t\t\t\t\t\t\t<div class=\"elementor-section-wrap\">\n\t\t\t\t\t\t\t<section class=\"elementor-section elementor-top-section elementor-element elementor-element-77121e4a elementor-section-boxed elementor-section-height-default elementor-section-height-default\" data-id=\"77121e4a\" data-element_type=\"section\">\n\t\t\t\t\t\t<div class=\"elementor-container elementor-column-gap-default\">\n\t\t\t\t\t<div class=\"elementor-column elementor-col-100 elementor-top-column elementor-element elementor-element-1eca1c04\" data-id=\"1eca1c04\" data-element_type=\"column\">\n\t\t\t<div class=\"elementor-widget-wrap elementor-element-populated\">\n\t\t\t\t\t\t\t\t<div class=\"elementor-element elementor-element-4a8fb880 elementor-widget elementor-widget-text-editor\" data-id=\"4a8fb880\" data-element_type=\"widget\" data-widget_type=\"text-editor.default\">\n\t\t\t\t<div class=\"elementor-widget-container\">\n\t\t\t\t\t\t\t\t<!-- wp:columns -->\n<div class=\"wp-block-columns\"><!-- wp:column {\"width\":\"100%\"} -->\n<div class=\"wp-block-column\" style=\"flex-basis: 100%;\"><!-- wp:paragraph {\"align\":\"left\"} -->\n<p class=\"has-text-align-left\">Urodzi\u0142 si\u0119 16 kwietnia 1953 r. w \u0141ob\u017cenicy. Z racji tradycji rodzinnych \u2013 ojciec rozpocz\u0105\u0142 dzia\u0142alno\u015b\u0107 w bran\u017cy malarstwo \u2013 tapeciarstwo na pocz\u0105tku lat sze\u015b\u0107dziesi\u0105tych ubieg\u0142ego stulecia. W 1978 r. rozpocz\u0105\u0142 w\u0142asn\u0105 dzia\u0142alno\u015b\u0107 rzemie\u015blnicz\u0105 w bran\u017cy malarstwo \u2013 tapeciarstwo. Dzia\u0142alno\u015b\u0107 spo\u0142eczn\u0105 na rzecz rzemios\u0142a rozpocz\u0105\u0142 w Cechu Rzemios\u0142 R\u00f3\u017cnych w Z\u0142otowie, w latach 1982 \u2013 1987 by\u0142 cz\u0142onkiem S\u0105du Cechowego, od 1987 do 1990 cz\u0142onkiem Zarz\u0105du Cechu. W latach 1990 \u2013 1996 \u2013 Starszy Cechu, 1996-1999 sekretarz Zarz\u0105du Cechu, od 1999 r. do chwili obecnej pe\u0142ni funkcj\u0119 Starszego Cechu. Od 1994 r. do chwili obecnej pe\u0142ni funkcj\u0119 Wiceprezesa Wielkopolskiej Izby Rzemie\u015blniczej w Poznaniu.\u00a0\u00a0\u00a0<\/p>\n<!-- \/wp:paragraph --><!-- wp:image {\"id\":260,\"sizeSlug\":\"large\",\"linkDestination\":\"none\"} -->\n<figure class=\"wp-block-image size-large\"><img loading=\"lazy\" width=\"1024\" height=\"592\" src=\"https:\/\/www.cech-zlotow.info\/www_new\/wp-content\/uploads\/2021\/05\/PMAR0554.MP4.22_01_22_26.Still002-1024x592.jpg\" alt=\"\" class=\"wp-image-260\" srcset=\"https:\/\/www.cech-zlotow.info\/www_new\/wp-content\/uploads\/2021\/05\/PMAR0554.MP4.22_01_22_26.Still002-1024x592.jpg 1024w, https:\/\/www.cech-zlotow.info\/www_new\/wp-content\/uploads\/2021\/05\/PMAR0554.MP4.22_01_22_26.Still002-300x174.jpg 300w, https:\/\/www.cech-zlotow.info\/www_new\/wp-content\/uploads\/2021\/05\/PMAR0554.MP4.22_01_22_26.Still002-768x444.jpg 768w, https:\/\/www.cech-zlotow.info\/www_new\/wp-content\/uploads\/2021\/05\/PMAR0554.MP4.22_01_22_26.Still002-1536x889.jpg 1536w, https:\/\/www.cech-zlotow.info\/www_new\/wp-content\/uploads\/2021\/05\/PMAR0554.MP4.22_01_22_26.Still002-2048x1185.jpg 2048w, https:\/\/www.cech-zlotow.info\/www_new\/wp-content\/uploads\/2021\/05\/PMAR0554.MP4.22_01_22_26.Still002-16x9.jpg 16w\" sizes=\"(max-width: 1024px) 100vw, 1024px\" \/><\/figure>\n<!-- \/wp:image --><!-- wp:paragraph {\"align\":\"left\"} -->\n<p class=\"has-text-align-left\">\u00a0 Od 1994 r. jest delegatem WIR w Poznaniu na Kongres Rzemios\u0142a Polskiego w Warszawie. Jest pomys\u0142odawc\u0105 utworzenia przy Cechu Rzemios\u0142 R\u00f3\u017cnych w Z\u0142otowie O\u015brodka Szkolenia Kursowego. W latach 1988 \u2013 1990 by\u0142 radnym Miejskiej Rady Narodowej w Z\u0142otowie. Od 1990 do 1994 \u2013 radnym Rady Miejskiej w Z\u0142otowie \u2013 cz\u0142onkiem Zarz\u0105du Miasta, od 1998 do 2002 r. \u2013 radnym Rady Miejskiej w Z\u0142otowie \u2013 przewodnicz\u0105cym Komisji Gospodarki Rady Miejskiej. Od 2010 do 2014 roku radnym Rady Powiatu Z\u0142otowskiego \u2013 Wiceprzewodnicz\u0105cym Rady. Reprezentuje Wielkopolskie Rzemios\u0142o w Wojew\u00f3dzkiej Radzie Rynku Pracy w Poznaniu, gdzie w latach 2002 \u2013 2005 pe\u0142ni\u0142 funkcj\u0119 Wiceprzewodnicz\u0105cego Wojew\u00f3dzkiej Rady Zatrudnienia, a od 2005 r. do 2013 pe\u0142ni\u0142 funkcj\u0119 Przewodnicz\u0105cego Rady, a 2013 Wiceprzewodnicz\u0105cego Rady Rynku Pracy.<\/p>\n<!-- \/wp:paragraph --><!-- wp:paragraph -->\n<p><br \/>\u00a0\u00a0\u00a0\u00a0 Za swoj\u0105 dzia\u0142alno\u015b\u0107 uhonorowany licznymi odznaczeniami rzemie\u015blniczymi, w tym najwy\u017cszym \u2013 Honorow\u0105 Szabl\u0105 im. Jana Kili\u0144skiego oraz odznaczeniami pa\u0144stwowymi m.in. \u201eZas\u0142u\u017cony Dzia\u0142acz Kultury\u201d, \u201eMedalem Edukacji Narodowej\u201d, Srebrnym i Z\u0142otym Krzy\u017cem Zas\u0142ugi, Nagrod\u0105 Honorow\u0105 Wojewody Wielkopolskiego Medal \u201eAD PERPETUAM REI MEMORIAN\u201d (Na wieczn\u0105 pami\u0105tk\u0119),<br \/>honorow\u0105 odznak\u0105 za zas\u0142ugi dla rozwoju wojew\u00f3dztwa wielkopolskiego, honorow\u0105 odznak\u0105 za zas\u0142ugi dla rozwoju gospodarki Rzeczpospolitej Polskiej nadan\u0105 przez Ministra Gospodarki, Nagrod\u0105 G\u0142\u00f3wnego Inspektora Pracy im. Haliny Krahelskiej.<\/p>\n<!-- \/wp:paragraph --><\/div>\n<!-- \/wp:column --><\/div>\n<!-- \/wp:columns -->\t\t\t\t\t\t<\/div>\n\t\t\t\t<\/div>\n\t\t\t\t\t<\/div>\n\t\t<\/div>\n\t\t\t\t\t\t\t<\/div>\n\t\t<\/section>\n\t\t\t\t\t\t<\/div>\n\t\t\t\t\t<\/div>\n\t\t","protected":false},"excerpt":{"rendered":"<p>Urodzi\u0142 si\u0119 16 kwietnia 1953 r. w \u0141ob\u017cenicy. Z racji tradycji rodzinnych \u2013 ojciec rozpocz\u0105\u0142 dzia\u0142alno\u015b\u0107 w bran\u017cy malarstwo \u2013 tapeciarstwo na pocz\u0105tku lat sze\u015b\u0107dziesi\u0105tych ubieg\u0142ego stulecia. W 1978 r. rozpocz\u0105\u0142 w\u0142asn\u0105 dzia\u0142alno\u015b\u0107 rzemie\u015blnicz\u0105 w bran\u017cy malarstwo \u2013 tapeciarstwo. Dzia\u0142alno\u015b\u0107 spo\u0142eczn\u0105 na rzecz rzemios\u0142a rozpocz\u0105\u0142 w Cechu Rzemios\u0142 R\u00f3\u017cnych w [&hellip;]<\/p>\n","protected":false},"author":1,"featured_media":247,"parent":0,"menu_order":0,"comment_status":"closed","ping_status":"closed","template":"","meta":[],"_links":{"self":[{"href":"https:\/\/www.cech-zlotow.info\/www_new\/wp-json\/wp\/v2\/pages\/252"}],"collection":[{"href":"https:\/\/www.cech-zlotow.info\/www_new\/wp-json\/wp\/v2\/pages"}],"about":[{"href":"https:\/\/www.cech-zlotow.info\/www_new\/wp-json\/wp\/v2\/types\/page"}],"author":[{"embeddable":true,"href":"https:\/\/www.cech-zlotow.info\/www_new\/wp-json\/wp\/v2\/users\/1"}],"replies":[{"embeddable":true,"href":"https:\/\/www.cech-zlotow.info\/www_new\/wp-json\/wp\/v2\/comments?post=252"}],"version-history":[{"count":17,"href":"https:\/\/www.cech-zlotow.info\/www_new\/wp-json\/wp\/v2\/pages\/252\/revisions"}],"predecessor-version":[{"id":1971,"href":"https:\/\/www.cech-zlotow.info\/www_new\/wp-json\/wp\/v2\/pages\/252\/revisions\/1971"}],"wp:featuredmedia":[{"embeddable":true,"href":"https:\/\/www.cech-zlotow.info\/www_new\/wp-json\/wp\/v2\/media\/247"}],"wp:attachment":[{"href":"https:\/\/www.cech-zlotow.info\/www_new\/wp-json\/wp\/v2\/media?parent=252"}],"curies":[{"name":"wp","href":"https:\/\/api.w.org\/{rel}","templated":true}]}}

<div data-elementor-type="wp-page" data-elementor-id="252" class="elementor elementor-252" data-elementor-settings="[]">
							<div class="elementor-section-wrap">
							<section class="elementor-section elementor-top-section elementor-element elementor-element-77121e4a elementor-section-boxed elementor-section-height-default elementor-section-height-default" data-id="77121e4a" data-element_type="section">
						<div class="elementor-container elementor-column-gap-default">
					<div class="elementor-column elementor-col-100 elementor-top-column elementor-element elementor-element-1eca1c04" data-id="1eca1c04" data-element_type="column">
			<div class="elementor-widget-wrap elementor-element-populated">
								<div class="elementor-element elementor-element-4a8fb880 elementor-widget elementor-widget-text-editor" data-id="4a8fb880" data-element_type="widget" data-widget_type="text-editor.default">
				<div class="elementor-widget-container">
								<!-- wp:columns -->
<div class="wp-block-columns"><!-- wp:column {"width":"100%"} -->
<div class="wp-block-column" style="flex-basis: 100%;"><!-- wp:paragraph {"align":"left"} -->
<p class="has-text-align-left">Urodził się 16 kwietnia 1953 r. w Łobżenicy. Z racji tradycji rodzinnych – ojciec rozpoczął działalność w branży malarstwo – tapeciarstwo na początku lat sześćdziesiątych ubiegłego stulecia. W 1978 r. rozpoczął własną działalność rzemieślniczą w branży malarstwo – tapeciarstwo. Działalność społeczną na rzecz rzemiosła rozpoczął w Cechu Rzemiosł Różnych w Złotowie, w latach 1982 – 1987 był członkiem Sądu Cechowego, od 1987 do 1990 członkiem Zarządu Cechu. W latach 1990 – 1996 – Starszy Cechu, 1996-1999 sekretarz Zarządu Cechu, od 1999 r. do chwili obecnej pełni funkcję Starszego Cechu. Od 1994 r. do chwili obecnej pełni funkcję Wiceprezesa Wielkopolskiej Izby Rzemieślniczej w Poznaniu.   </p>
<!-- /wp:paragraph --><!-- wp:image {"id":260,"sizeSlug":"large","linkDestination":"none"} -->
<figure class="wp-block-image size-large"><img loading="lazy" width="1024" height="592" src="https://www.cech-zlotow.info/www_new/wp-content/uploads/2021/05/PMAR0554.MP4.22_01_22_26.Still002-1024x592.jpg" alt="" class="wp-image-260" srcset="https://www.cech-zlotow.info/www_new/wp-content/uploads/2021/05/PMAR0554.MP4.22_01_22_26.Still002-1024x592.jpg 1024w, https://www.cech-zlotow.info/www_new/wp-content/uploads/2021/05/PMAR0554.MP4.22_01_22_26.Still002-300x174.jpg 300w, https://www.cech-zlotow.info/www_new/wp-content/uploads/2021/05/PMAR0554.MP4.22_01_22_26.Still002-768x444.jpg 768w, https://www.cech-zlotow.info/www_new/wp-content/uploads/2021/05/PMAR0554.MP4.22_01_22_26.Still002-1536x889.jpg 1536w, https://www.cech-zlotow.info/www_new/wp-content/uploads/2021/05/PMAR0554.MP4.22_01_22_26.Still002-2048x1185.jpg 2048w, https://www.cech-zlotow.info/www_new/wp-content/uploads/2021/05/PMAR0554.MP4.22_01_22_26.Still002-16x9.jpg 16w" sizes="(max-width: 1024px) 100vw, 1024px" /></figure>
<!-- /wp:image --><!-- wp:paragraph {"align":"left"} -->
<p class="has-text-align-left">  Od 1994 r. jest delegatem WIR w Poznaniu na Kongres Rzemiosła Polskiego w Warszawie. Jest pomysłodawcą utworzenia przy Cechu Rzemiosł Różnych w Złotowie Ośrodka Szkolenia Kursowego. W latach 1988 – 1990 był radnym Miejskiej Rady Narodowej w Złotowie. Od 1990 do 1994 – radnym Rady Miejskiej w Złotowie – członkiem Zarządu Miasta, od 1998 do 2002 r. – radnym Rady Miejskiej w Złotowie – przewodniczącym Komisji Gospodarki Rady Miejskiej. Od 2010 do 2014 roku radnym Rady Powiatu Złotowskiego – Wiceprzewodniczącym Rady. Reprezentuje Wielkopolskie Rzemiosło w Wojewódzkiej Radzie Rynku Pracy w Poznaniu, gdzie w latach 2002 – 2005 pełnił funkcję Wiceprzewodniczącego Wojewódzkiej Rady Zatrudnienia, a od 2005 r. do 2013 pełnił funkcję Przewodniczącego Rady, a 2013 Wiceprzewodniczącego Rady Rynku Pracy.</p>
<!-- /wp:paragraph --><!-- wp:paragraph -->
<p><br />     Za swoją działalność uhonorowany licznymi odznaczeniami rzemieślniczymi, w tym najwyższym – Honorową Szablą im. Jana Kilińskiego oraz odznaczeniami państwowymi m.in. „Zasłużony Działacz Kultury”, „Medalem Edukacji Narodowej”, Srebrnym i Złotym Krzyżem Zasługi, Nagrodą Honorową Wojewody Wielkopolskiego Medal „AD PERPETUAM REI MEMORIAN” (Na wieczną pamiątkę),<br />honorową odznaką za zasługi dla rozwoju województwa wielkopolskiego, honorową odznaką za zasługi dla rozwoju gospodarki Rzeczpospolitej Polskiej nadaną przez Ministra Gospodarki, Nagrodą Głównego Inspektora Pracy im. Haliny Krahelskiej.</p>
<!-- /wp:paragraph --></div>
<!-- /wp:column --></div>
<!-- /wp:columns -->						</div>
				</div>
					</div>
		</div>
							</div>
		</section>
						</div>
					</div>

<p>Urodził się 16 kwietnia 1953 r. w Łobżenicy. Z racji tradycji rodzinnych – ojciec rozpoczął działalność w branży malarstwo – tapeciarstwo na początku lat sześćdziesiątych ubiegłego stulecia. W 1978 r. rozpoczął własną działalność rzemieślniczą w branży malarstwo – tapeciarstwo. Działalność społeczną na rzecz rzemiosła rozpoczął w Cechu Rzemiosł Różnych w [&hellip;]</p>
